. Let b(y) = 3*y + 12. Let h(v) = -2*b(v) - 9*u(v). Determine h(-2).
-3
Let j(k) be the second derivative of -7*k**5/20 - k**4/12 - k**3/6 - k**2/2 - 13*k. Determine j(-1).
6
Let r(h) be the first derivative of -h**4/4 + 2*h**3 - h**2 - 4*h - 7. What is r(4)?
20
Let r(w) = w + 104 - 52 - 53. Let s = 1 - 4. Determine r(s).
-4
Let g = 14 + -2. Suppose a - g = -a. Let p(h) = -h**2 - a - 4*h + 6. What is p(-3)?
3
Let p = 26 + -20. Suppose 4*z = 2*n + p, -2*z + 3*n + 4 = -5. Let t(o) = -o + 8. Determine t(z).
8
Let a(n) = n**3 - 6*n**2 + 5*n - 3. Suppose -5*o + 9 = -6. Suppose j + 0*j = 1, o*b - 20 = -5*j. Determine a(b).
-3
Let o(p) = p**2 + p - 1. Let c(w) = w**3 - 3*w**2 - 4*w + 3. Let s(q) = c(q) + 3*o(q). Determine s(0).
0
Suppose 3*c + 3*a = -2*a + 1, 3*c - 37 = 4*a. Let l(o) = o**3 - 6*o**2 - 7*o + 7. Calculate l(c).
7
Let f(b) = -2 - 7*b**2 + b**3 - 2 + b**2. Let k = 45 - 39. Calculate f(k).
-4
Let j(p) = 6 - 3 + 10*p + 1 - p**3 - 8*p**2. Determine j(-9).
-5
Let r = 4 - 3. Let h(q) = 1 - r + 2*q - 3*q. Suppose 2*d = d. What is h(d)?
0
Let l = 4 + -4. Suppose -7*v + 2*v + 20 = l. Suppose -3*s = -2*y - v*s + 1, 4*y - 5*s - 37 = 0. Let d(q) = -q**3 + 2*q**2 + 3*q - 2. Give d(y).
-2
Let x(p) = 2*p**2 + p. Let r(n) = -n**2. Suppose -4*m + 10 = v + 31, 0 = -2*v + 3*m + 13. Let t(f) = v*x(f) - r(f). Calculate t(2).
-6
Let j = 13 - 17. Let v(s) = s**2 + 4*s + 5. Determine v(j).
5
Let q be 0*(-2)/(-1 + 5). Let k(i) = -4*i + 5. Let m(y) = 3*y - 5. Let z(f) = 4*k(f) + 5*m(f). Give z(q).
-5
Let d(y) = -y - 13 - y**3 - 2*y**3 + 5*y**3 - y**2 - y**3. What is d(0)?
-13
Suppose 0 = 4*u - 2 - 10. Let z(b) be the second derivative of -b**5/20 + b**4/4 + b**3/6 + b**2 + b. Determine z(u).
5
Let m(b) be the third derivative of b**4/24 + b**3/3 - 7*b**2. Determine m(2).
4
Let w = 9 + -7. Let u(o) = -2*o**3 + 2*o**2 + 2*o - 3. Give u(w).
-7
Let t be (-1)/(0 - -1 - (1 - 1)). Suppose -u + 4*u - 15 = 0. Let k(v) = -2*v**3 + 1 + 3*v**3 + 2*v**2 + u*v**3 + 2*v. Determine k(t).
-5
Let h = 11 - 6. Suppose -h*i - 4*n + 17 = -3*n, -4*n + 4 = 4*i. Let p(k) = -4*k + 6. Give p(i).
-10
Let y(f) = 6*f - 2 - f**2 + 3*f**2 - 3*f**2. Let u be y(4). Let p = u + -8. Let w(n) = -n**3 - 3*n**2 - n + 1. What is w(p)?
-1
Let u = 27 - 23. Let m(b) = -b**2 - 2*b**2 + 6*b**2 - 8 - u*b**2 - 9*b. Determine m(-8).
0
Let r(p) = 14*p**2 - 26*p - 19. Let w(a) = -5*a**2 + 9*a + 6. Let f(z) = 4*r(z) + 11*w(z). Determine f(8).
14
Let o = 15 + -22. Let d(v) = -2*v**2 + v - 13. Let l(a) = -a**2 - 7. Let q(c) = o*l(c) + 4*d(c). Determine q(2).
1
Let d(o) = -3*o**3 - 8*o**2 - 8*o - 32. Let s(l) = l**3 + 3*l**2 + 3*l + 11. Let p(w) = -3*d(w) - 8*s(w). Give p(0).
8
Let a be 1*3*(-4)/(-6). Let r(j) = -2*j - 2*j**2 - 3*j + 3 + j**a. Calculate r(-4).
7
Let v(b) = 4*b**3 - 2*b**2 - 4*b + 7. Let q(s) = -3*s**3 + s**2 + 4*s - 6. Let j(i) = -5*q(i) - 4*v(i). Determine j(2).
-2
Let s(x) = 9*x + 2. Let g(l) = 2 - 3 + l - 7*l + l. Let w(q) = 5*g(q) + 3*s(q). Determine w(1).
3
Suppose -28 = 5*s - 93. Let w(m) = -15*m + 25. Let v(t) = 7*t - 12. Let b(p) = s*v(p) + 6*w(p). Calculate b(5).
-1
Let v(g) = 3*g**3 + 3*g**2 + 3*g - 4. Let w(p) = -10*p**3 - 8*p**2 - 10*p + 13. Let h(u) = 7*v(u) + 2*w(u). Determine h(-3).
13
Suppose 4*a + 2*n = -14, 0 = -2*a + 6*n - 3*n - 19. Let b(y) = y**3 + 4*y**2 - 6*y - 5. What is b(a)?
0
Let p be -3 - ((-12)/(-36))/(2/12). Let j(i) = i**3 + 6*i**2 - 6. Give j(p).
19
Let q(n) = 3*n**2 + 5*n + 5. Let o(k) = k**2 + 2*k + 2. Let g(l) = 5*o(l) - 2*q(l). Calculate g(1).
-1
Let k(c) = 10 + c + 0*c**3 + 3*c**3 - 2*c**3 + 0*c**3. Calculate k(0).
10
Let o = 10 - -3. Suppose -5*u - o = 7. Let b(r) = r**2 + 4*r. What is b(u)?
0
Let t(i) = -i - 3. Let m(j) = -3. Let z(c) = 3*m(c) - 2*t(c). Calculate z(4).
5
Let i(w) = 4*w - 5. Let r(m) be the first derivative of -m**2/2 + 11*m - 3. Let f be r(12). Let q(x) = -x + 1. Let v(d) = f*i(d) - 5*q(d). Determine v(-5).
-5
Let m(p) be the second derivative of p**5/120 + p**4/12 + p**3/6 + 3*p. Let l(d) be the second derivative of m(d). What is l(5)?
7
Let u(j) = -3*j + 2. Let w(r) = -r**2 + 7*r + 33. Let i be w(10). What is u(i)?
-7
Let v(s) = s + 12. Let b be v(-9). Let x(w) = -w**3 + 4*w**2 - 2*w**2 + 7 - b + w. What is x(3)?
-2
Let j(x) be the third derivative of -x**6/120 + x**5/30 + x**4/12 - x**3/3 - 16*x**2. Let k = -6 - -4. Determine j(k).
10
Let f(l) = -7*l + 4. Let m(r) = 3*r - 2. Let t(q) = 6*f(q) + 13*m(q). Determine t(-3).
7
Let n(u) = u - 3. Let s = 10 + 6. Suppose 5*f + 6*w - 2*w - 36 = 0, -s = -f - 3*w. Let c = -2 + f. Determine n(c).
-1
Let h(l) = -l + 4. Suppose -7 = 4*y - 31. Determine h(y).
-2
Let i(z) = z**2 + z + 6. Let w = -24 - -17. Let s = 7 + w. Determine i(s).
6
Let z(v) = v**3 - 3*v**2 - 6*v + 2. Suppose 5*y = 6*y - 1. Let b(o) = 3*o**3 + 2*o**2 - o. Let n be b(y). Determine z(n).
-6
Let r(b) be the first derivative of -3*b**2/2 + b - 7. Let i(d) = -d**3 + 4*d**2 + 3. Let j be i(4). Give r(j).
-8
Let m = -57 + 51. Let o(i) = i + 7. What is o(m)?
1
Let s be 14/3*(-6)/(-4). Let q be 1/1*(s - 5). Let k(l) = -q*l + 6 - 5 + l. What is k(4)?
-3
Let b(o) = 4*o - o**2 + 2 - o - o - 3*o. Let k(r) = -r + 3. Let i be k(0). Calculate b(i).
-10
Let r be -4 + 3 - (-1)/1. Suppose r = -f + 7 - 1. Let u(z) = -z - 1. Determine u(f).
-7
Let l(j) = -j**2 + 5*j - 5. Let a(z) = -z**2 - 8*z + 13. Let x be a(-9). Give l(x).
-1
Let n(i) = -3*i**2 + 4*i. Suppose 3*g - 37 - 2 = 5*k, 3*k + 17 = g. Let d(m) = m**2 - 8*m + 3. Let o be d(g). Calculate n(o).
-15
Let a(v) = -v**2 + 5*v - 1. Let s(h) = 20*h**2 + 2*h - 1. Let j be s(1). Suppose 0 = -0*x - x + 4*g + j, 35 = 3*x - 5*g. Determine a(x).
-1
Let n(g) = -g**3 + 2*g + 4. Let v(r) = -3*r**3 - r**2 + 5*r + 9. Let i(u) = 5*n(u) - 2*v(u). Give i(-2).
2
Let j(q) = 4*q**2 + q - 25*q**3 + 14*q**3 + 2 + 12*q**3. Calculate j(-4).
-2
Let i(m) = m + 3. Let v be -3 + (-3 - (-2 - -4)). Calculate i(v).
-5
Let b(t) = -7 + 15 - 12 - t. Calculate b(-3).
-1
Let m(x) = x**2 - 9*x + 10. Let l be m(7). Let a(v) = v**2 + 3*v + 1. Calculate a(l).
5
Let b(q) = -6 + 2 - 7 + 3 - 2*q. What is b(-6)?
4
Suppose 0 = 4*z - 3*a + 1 + 14, 5*a - 20 = 5*z. Let y(l) be the third derivative of -l**6/120 - l**5/15 - l**4/12 + l**3/2 - 26*l**2. Determine y(z).
0
Let r(y) be the third derivative of -y**6/360 + 7*y**5/120 + y**4/6 - y**3/2 + 3*y**2. Let n(x) be the first derivative of r(x). Determine n(6).
10
Let p(i) be the third derivative of -1/60*i**5 - 1/8*i**4 - 1/2*i**3 + 0 + 0*i + i**2. Calculate p(-3).
-3
Let n = -46 + 48. Let r(g) = -2*g**3 + 4*g**2 - g - 2. Determine r(n).
-4
Let r be (-2 - -5) + -3 + 0. Let j(g) be the second derivative of 5/6*g**3 + 1/12*g**4 + r*g**2 + 0 - g. What is j(-4)?
-4
Let j = -41 + 71. Let z be ((-24)/j)/(2/5). Let c(b) = 3*b**2 + 4*b - 2*b - b - 2. Calculate c(z).
8
Let w = 2 - 3. Let j(r) = -9*r**2. What is j(w)?
-9
Suppose -5*l + 25 = 0, -4*l - 2 + 18 = -w. Let g(x) = x**2 - 2. Calculate g(w).
14
Suppose 45 = -3*a + 8*a. Let s(l) = -l**3 + 9*l**2 + l - 4. Let u be s(a). Let w(g) = -g**2 + 5*g - 2. Determine w(u).
-2
Let t = 2 - 7. Let d(q) = 6*q - 1. Let x(g) = 11*g - 1. Let o(h) = -7*d(h) + 4*x(h). What is o(t)?
-7
Let n(u) = 16*u**2 + u - 1. Suppose 0 = -5*k - 3*o + 8, 0 = -o + 4*o - 3. Calculate n(k).
16
Let j(s) = 4*s**2 - 6*s - 10. Let i(z) = -5*z**2 + 7*z + 10. Let k(d) = -5*i(d) - 6*j(d). Give k(0).
10
Let d(y) be the first derivative of 9*y**4/4 - y**2/2 + y + 1. Let v(b) = 28*b**3 - 3*b + 3. Suppose -a + 0 = 2. Let r(p) = a*v(p) + 7*d(p). What is r(1)?
7
Let u(d) = -d**2 - 9*d - 16. Let l be u(-5). Let b(v) = -5*v + 6. Calculate b(l).
-14
Suppose c - 5*q = -19, -3*c - 4*q = 2*c + 8. Let u(d) be the third derivative of d**4/24 - d**3/3 + d**2. Determine u(c).
-6
Let b(u) be the first derivative of u**4/4 + 2*u**3 + u**2 + 2*u + 25. What is b(-5)?
17
Let b(r) be the second derivative of r**5/20 - r**4/4 - r**3/6 + r**2 - 5*r. What is b(2)?
-4
Let w(x) = -2*x + 12. Suppose -46 = -4*j - 14. What is w(j)?
-4
Let v(i) be the third derivative of -i**6/120 + i**5/20 + i**4/12 + 65*i**2. Let d = 0 + 3. Calculate v(d).
6
Let w(r) = -r**2 - 13*r - 30. Let f be w(-9). Let u(v) = -v**2 + 5*v. Calculate u(f).
-6
Let q(p) = -5*p**2 - 4*p - 3. Let b(k) = 3*k**2 + 3*k + 2. Let t = -19 - -31. Suppose 4 + t